{"id":1987,"date":"2017-04-25T08:33:16","date_gmt":"2017-04-25T08:33:16","guid":{"rendered":"http:\/\/ramonesvineyard.com\/?page_id=1987"},"modified":"2018-08-08T12:05:41","modified_gmt":"2018-08-08T12:05:41","slug":"impressum","status":"publish","type":"page","link":"https:\/\/ramonesvineyard.com\/?page_id=1987","title":{"rendered":"Impressum"},"content":{"rendered":"<div class=\"fusion-fullwidth fullwidth-box fusion-builder-row-1 nonhundred-percent-fullwidth non-hundred-percent-height-scrolling\" style=\"--awb-background-position:left top;--awb-border-radius-top-left:0px;--awb-border-radius-top-right:0px;--awb-border-radius-bottom-right:0px;--awb-border-radius-bottom-left:0px;--awb-padding-top:20px;--awb-padding-bottom:20px;--awb-border-sizes-top:0px;--awb-border-sizes-bottom:0px;--awb-flex-wrap:wrap;\" ><div class=\"fusion-builder-row fusion-row\"><div class=\"fusion-layout-column fusion_builder_column fusion-builder-column-0 fusion_builder_column_1_1 1_1 fusion-one-full fusion-column-first fusion-column-last\" style=\"--awb-bg-size:cover;\"><div class=\"fusion-column-wrapper fusion-flex-column-wrapper-legacy\"><h1>Impressum<\/h1> <h2>Angaben gem\u00e4\u00df \u00a7 5 TMG:<\/h2> <p>Gudrun Heinrich<br \/>\r\nH\u00e4userweg 6<br \/> 65385 R\u00fcdesheim <\/p> <h2>Kontakt:<\/h2> <table><tr> <td>Telefon:<\/td>\r\n<td>06722-203775<\/td><\/tr> <tr><td>E-Mail:<\/td> <td>info@ramonesvineyard.com<\/td> <\/tr><\/table>\r\n<p>\u00a0<\/p> <p><h1>Datenschutzerkl\u00e4rung<\/h1> <h2>Datenschutz<\/h2> <p>Die Betreiber dieser Seiten nehmen den\r\nSchutz Ihrer pers\u00f6nlichen Daten sehr ernst. Wir behandeln Ihre personenbezogenen Daten vertraulich und\r\nentsprechend der gesetzlichen Datenschutzvorschriften sowie dieser Datenschutzerkl\u00e4rung.<\/p> <p>Die\r\nNutzung unserer Webseite ist in der Regel ohne Angabe personenbezogener Daten m\u00f6glich. Soweit auf\r\nunseren Seiten personenbezogene Daten (beispielsweise Name, Anschrift oder E-Mail-Adressen) erhoben\r\nwerden, erfolgt dies, soweit m\u00f6glich, stets auf freiwilliger Basis. Diese Daten werden ohne Ihre\r\nausdr\u00fcckliche Zustimmung nicht an Dritte weitergegeben.<\/p> <p>Wir weisen darauf hin, dass die\r\nDaten\u00fcbertragung im Internet (z.B. bei der Kommunikation per E-Mail) Sicherheitsl\u00fccken aufweisen\r\nkann. Ein l\u00fcckenloser Schutz der Daten vor dem Zugriff durch Dritte ist nicht\r\nm\u00f6glich.<\/p><p>\u00a0<\/p> <h2>Cookies<\/h2> <p>Die Internetseiten verwenden teilweise so genannte\r\nCookies. Cookies richten auf Ihrem Rechner keinen Schaden an und enthalten keine Viren. Cookies dienen\r\ndazu, unser Angebot nutzerfreundlicher, effektiver und sicherer zu machen. Cookies sind kleine Textdateien, die\r\nauf Ihrem Rechner abgelegt werden und die Ihr Browser speichert.<\/p> <p>Die meisten der von uns\r\nverwendeten Cookies sind so genannte \u201eSession-Cookies\u201c. Sie werden nach Ende Ihres Besuchs automatisch\r\ngel\u00f6scht. Andere Cookies bleiben auf Ihrem Endger\u00e4t gespeichert, bis Sie diese l\u00f6schen. Diese\r\nCookies erm\u00f6glichen es uns, Ihren Browser beim n\u00e4chsten Besuch wiederzuerkennen.<\/p> <p>Sie\r\nk\u00f6nnen Ihren Browser so einstellen, dass Sie \u00fcber das Setzen von Cookies informiert werden und\r\nCookies nur im Einzelfall erlauben, die Annahme von Cookies f\u00fcr bestimmte F\u00e4lle oder generell\r\nausschlie\u00dfen sowie das automatische L\u00f6schen der Cookies beim Schlie\u00dfen des Browser\r\naktivieren. Bei der Deaktivierung von Cookies kann die Funktionalit\u00e4t dieser Website eingeschr\u00e4nkt\r\nsein.<\/p><p>\u00a0<\/p> <h2>Server-Log-Files<\/h2> <p>Der Provider der Seiten erhebt und speichert\r\nautomatisch Informationen in so genannten Server-Log Files, die Ihr Browser automatisch an uns\r\n\u00fcbermittelt. Dies sind:<\/p> <ul> <li>Browsertyp und Browserversion<\/li> <li>verwendetes\r\nBetriebssystem<\/li> <li>Referrer URL<\/li> <li>Hostname des zugreifenden Rechners<\/li> <li>Uhrzeit der\r\nServeranfrage<\/li> <\/ul> <p><br \/>Diese Daten sind nicht bestimmten Personen zuordenbar. Eine\r\nZusammenf\u00fchrung dieser Daten mit anderen Datenquellen wird nicht vorgenommen. Wir behalten uns vor,\r\ndiese Daten nachtr\u00e4glich zu pr\u00fcfen, wenn uns konkrete Anhaltspunkte f\u00fcr eine rechtswidrige\r\nNutzung bekannt werden.<\/p><p>\u00a0<\/p> <h2>Kontaktformular<\/h2> <p>Wenn Sie uns per Kontaktformular\r\nAnfragen zukommen lassen, werden Ihre Angaben aus dem Anfrageformular inklusive der von Ihnen dort\r\nangegebenen Kontaktdaten zwecks Bearbeitung der Anfrage und f\u00fcr den Fall von Anschlussfragen bei uns\r\ngespeichert. Diese Daten geben wir nicht ohne Ihre Einwilligung weiter.<\/p><p>\u00a0<\/p>\r\n<h2>Newsletterdaten<\/h2> <p>Wenn Sie den auf der Webseite angebotenen Newsletter beziehen\r\nm\u00f6chten, ben\u00f6tigen wir von Ihnen eine E-Mail-Adresse sowie Informationen, welche uns die\r\n\u00dcberpr\u00fcfung gestatten, dass Sie der Inhaber der angegebenen E-Mail-Adresse sind und mit dem\r\nEmpfang des Newsletters einverstanden sind. Weitere Daten werden nicht erhoben. Diese Daten verwenden wir\r\nausschlie\u00dflich f\u00fcr den Versand der angeforderten Informationen und geben sie nicht an Dritte\r\nweiter.<\/p> <p>Die erteilte Einwilligung zur Speicherung der Daten, der E-Mail-Adresse sowie deren Nutzung\r\nzum Versand des Newsletters k\u00f6nnen Sie jederzeit widerrufen, etwa \u00fcber den \"Austragen\"-Link im\r\nNewsletter.<\/p><p>\u00a0<\/p> <h2>Datenschutzerkl\u00e4rung f\u00fcr die Nutzung von Google\r\nAnalytics<\/h2> <p>Diese Website nutzt Funktionen des Webanalysedienstes Google Analytics. Anbieter ist die\r\nGoogle Inc., 1600 Amphitheatre Parkway Mountain View, CA 94043, USA.<\/p> <p>Google Analytics verwendet\r\nso genannte \"Cookies\". Das sind Textdateien, die auf Ihrem Computer gespeichert werden und die eine Analyse\r\nder Benutzung der Website durch Sie erm\u00f6glichen. Die durch den Cookie erzeugten Informationen\r\n\u00fcber Ihre Benutzung dieser Website werden in der Regel an einen Server von Google in den USA\r\n\u00fcbertragen und dort gespeichert.<\/p> <p>Mehr Informationen zum Umgang mit Nutzerdaten bei Google\r\nAnalytics finden Sie in der Datenschutzerkl\u00e4rung von Google: <a\r\nhref=\"https:\/\/support.google.com\/analytics\/answer\/6004245?hl=de\">https:\/\/support.google.com\/analytics\/answer\/6004245?<p><strong>Browser Plugin<\/strong><\/p> <p>Sie k\u00f6nnen die Speicherung der Cookies durch eine\r\nentsprechende Einstellung Ihrer Browser-Software verhindern; wir weisen Sie jedoch darauf hin, dass Sie in\r\ndiesem Fall gegebenenfalls nicht s\u00e4mtliche Funktionen dieser Website vollumf\u00e4nglich werden nutzen\r\nk\u00f6nnen. Sie k\u00f6nnen dar\u00fcber hinaus die Erfassung der durch den Cookie erzeugten und auf\r\nIhre Nutzung der Website bezogenen Daten (inkl. Ihrer IP-Adresse) an Google sowie die Verarbeitung dieser\r\nDaten durch Google verhindern, indem Sie das unter dem folgenden Link verf\u00fcgbare Browser-Plugin\r\nherunterladen und installieren: <a\r\nhref=\"https:\/\/tools.google.com\/dlpage\/gaoptout?hl=de\">https:\/\/tools.google.com\/dlpage\/gaoptout?hl=de<\/a><\/p>\r\n<p><strong>Widerspruch gegen Datenerfassung<\/strong><\/p> <p>Sie k\u00f6nnen die Erfassung Ihrer Daten\r\ndurch Google Analytics verhindern, indem Sie auf folgenden Link klicken. Es wird ein Opt-Out-Cookie gesetzt,\r\nder die Erfassung Ihrer Daten bei zuk\u00fcnftigen Besuchen dieser Website verhindert: <a\r\nhref=\"javascript:gaOptout();\">Google Analytics deaktivieren<\/a><\/p>\r\n<p><strong>Auftragsdatenverarbeitung<\/strong><\/p> <p>Wir haben mit Google einen Vertrag zur\r\nAuftragsdatenverarbeitung abgeschlossen und setzen die strengen Vorgaben der deutschen\r\nDatenschutzbeh\u00f6rden bei der Nutzung von Google Analytics vollst\u00e4ndig um.<\/p> <p><strong>IPAnonymisierung<\/\r\nstrong><\/p> <p>Wir nutzen die Funktion \"Aktivierung der IP-Anonymisierung\" auf\r\ndieser Webseite. Dadurch wird Ihre IP-Adresse von Google jedoch innerhalb von Mitgliedstaaten der\r\nEurop\u00e4ischen Union oder in anderen Vertragsstaaten des Abkommens \u00fcber den Europ\u00e4ischen\r\nWirtschaftsraum zuvor gek\u00fcrzt. Nur in Ausnahmef\u00e4llen wird die volle IP-Adresse an einen Server von\r\nGoogle in den USA \u00fcbertragen und dort gek\u00fcrzt. Im Auftrag des Betreibers dieser Website wird\r\nGoogle diese Informationen benutzen, um Ihre Nutzung der Website auszuwerten, um Reports \u00fcber die\r\nWebsiteaktivit\u00e4ten zusammenzustellen und um weitere mit der Websitenutzung und der Internetnutzung\r\nverbundene Dienstleistungen gegen\u00fcber dem Websitebetreiber zu erbringen. Die im Rahmen von Google\r\nAnalytics von Ihrem Browser \u00fcbermittelte IP-Adresse wird nicht mit anderen Daten von Google\r\nzusammengef\u00fchrt.<\/p> <p>\u00a0<\/p><h2>Datenschutzerkl\u00e4rung f\u00fcr die Nutzung von\r\netracker<\/h2> <p>Unsere Webseite nutzt den Analysedienst etracker. Anbieter ist die etracker GmbH, Erste\r\nBrunnenstra\u00dfe 1, 20459 Hamburg Germany. Aus den Daten k\u00f6nnen unter einem Pseudonym\r\nNutzungsprofile erstellt werden. Dazu k\u00f6nnen Cookies eingesetzt werden. Bei Cookies handelt es sich um\r\nkleine Textdateien, die lokal im Zwischenspeicher Ihres Internet-Browsers gespeichert werden. Die Cookies\r\nerm\u00f6glichen es, Ihren Browser wieder zu erkennen. Die mit den etracker-Technologien erhobenen Daten\r\nwerden ohne die gesondert erteilte Zustimmung des Betroffenen nicht genutzt, Besucher unserer Website\r\npers\u00f6nlich zu identifizieren und werden nicht mit personenbezogenen Daten \u00fcber den Tr\u00e4ger\r\ndes Pseudonyms zusammengef\u00fchrt.<\/p> <p>Der Datenerhebung und -speicherung k\u00f6nnen Sie\r\njederzeit mit Wirkung f\u00fcr die Zukunft widersprechen. Um einer Datenerhebung und -speicherung Ihrer\r\nBesucherdaten f\u00fcr die Zukunft zu widersprechen, k\u00f6nnen Sie unter nachfolgendem Link ein Opt-Out-\r\nCookie von etracker beziehen, dieser bewirkt, dass zuk\u00fcnftig keine Besucherdaten Ihres Browsers bei\r\netracker erhoben und gespeichert werden: <a\r\nhref=\"http:\/\/www.etracker.de\/privacy?et=V23Jbb\">http:\/\/www.etracker.de\/privacy?et=V23Jbb<\/a><\/p>\r\n<p>Dadurch wird ein Opt-Out-Cookie mit dem Namen \"cntcookie\" von etracker gesetzt. Bitte l\u00f6schen Sie\r\ndiesen Cookie nicht, solange Sie Ihren Widerspruch aufrecht erhalten m\u00f6chten. Weitere Informationen\r\nfinden Sie in den Datenschutzbestimmungen von etracker: <a\r\nhref=\"http:\/\/www.etracker.com\/de\/datenschutz.html\">http:\/\/www.etracker.com\/de\/datenschutz.html<\/a><\/p><p>\u00a0<\/p>\r\n<h2>Datenschutzerkl\u00e4rung f\u00fcr die Nutzung von Facebook-Plugins (Like-Button)<\/h2> <p>Auf\r\nunseren Seiten sind Plugins des sozialen Netzwerks Facebook, Anbieter Facebook Inc., 1 Hacker Way, Menlo\r\nPark, California 94025, USA, integriert. Die Facebook-Plugins erkennen Sie an dem Facebook-Logo oder dem\r\n\"Like-Button\" (\"Gef\u00e4llt mir\") auf unserer Seite. Eine \u00dcbersicht \u00fcber die Facebook-Plugins finden\r\nSie hier: <a\r\nhref=\"http:\/\/developers.facebook.com\/docs\/plugins\/\">http:\/\/developers.facebook.com\/docs\/plugins\/<\/a>.<\/p>\r\n<p>Wenn Sie unsere Seiten besuchen, wird \u00fcber das Plugin eine direkte Verbindung zwischen Ihrem\r\nBrowser und dem Facebook-Server hergestellt. Facebook erh\u00e4lt dadurch die Information, dass Sie mit\r\nIhrer IP-Adresse unsere Seite besucht haben. Wenn Sie den Facebook \"Like-Button\" anklicken w\u00e4hrend\r\nSie in Ihrem Facebook-Account eingeloggt sind, k\u00f6nnen Sie die Inhalte unserer Seiten auf Ihrem\r\nFacebook-Profil verlinken. Dadurch kann Facebook den Besuch unserer Seiten Ihrem Benutzerkonto zuordnen.\r\nWir weisen darauf hin, dass wir als Anbieter der Seiten keine Kenntnis vom Inhalt der \u00fcbermittelten Daten\r\nsowie deren Nutzung durch Facebook erhalten. Weitere Informationen hierzu finden Sie in der\r\nDatenschutzerkl\u00e4rung von Facebook unter <a href=\"http:\/\/de-de.facebook.com\/policy.php\">http:\/\/dede.\r\nfacebook.com\/policy.php<\/a>.<\/p> <p>Wenn Sie nicht w\u00fcnschen, dass Facebook den Besuch unserer\r\nSeiten Ihrem Facebook-Nutzerkonto zuordnen kann, loggen Sie sich bitte aus Ihrem Facebook-Benutzerkonto\r\naus.<\/p><p>\u00a0<\/p> <h2>Datenschutzerkl\u00e4rung f\u00fcr die Nutzung von Twitter<\/h2> <p>Auf\r\nunseren Seiten sind Funktionen des Dienstes Twitter eingebunden. Diese Funktionen werden angeboten durch\r\ndie Twitter Inc., 1355 Market Street, Suite 900, San Francisco, CA 94103, USA. Durch das Benutzen von Twitter\r\nund der Funktion \"Re-Tweet\" werden die von Ihnen besuchten Webseiten mit Ihrem Twitter-Account\r\nverkn\u00fcpft und anderen Nutzern bekannt gegeben. Dabei werden auch Daten an Twitter \u00fcbertragen.\r\nWir weisen darauf hin, dass wir als Anbieter der Seiten keine Kenntnis vom Inhalt der \u00fcbermittelten Daten\r\nsowie deren Nutzung durch Twitter erhalten. Weitere Informationen hierzu finden Sie in der\r\nDatenschutzerkl\u00e4rung von Twitter unter <a\r\nhref=\"http:\/\/twitter.com\/privacy\">http:\/\/twitter.com\/privacy<\/a>.<\/p> <p>Ihre Datenschutzeinstellungen bei Twitter\r\nk\u00f6nnen Sie in den Konto-Einstellungen unter: <a\r\nhref=\"http:\/\/twitter.com\/account\/settings\">http:\/\/twitter.com\/account\/settings<\/a>\r\n\u00e4ndern.<\/p><p>\u00a0<\/p> <h2>Datenschutzerkl\u00e4rung f\u00fcr die Nutzung von Google+<\/h2>\r\n<p>Unsere Seiten nutzen Funktionen von Google+. Anbieter ist die Google Inc., 1600 Amphitheatre Parkway\r\nMountain View, CA 94043, USA.<\/p> <p>Erfassung und Weitergabe von Informationen: Mithilfe der Google+-\r\nSchaltfl\u00e4che k\u00f6nnen Sie Informationen weltweit ver\u00f6ffentlichen. \u00dcber die Google+-\r\nSchaltfl\u00e4che erhalten Sie und andere Nutzer personalisierte Inhalte von Google und unseren Partnern.\r\nGoogle speichert sowohl die Information, dass Sie f\u00fcr einen Inhalt +1 gegeben haben, als auch\r\nInformationen \u00fcber die Seite, die Sie beim Klicken auf +1 angesehen haben. Ihre +1 k\u00f6nnen als\r\nHinweise zusammen mit Ihrem Profilnamen und Ihrem Foto in Google-Diensten, wie etwa in Suchergebnissen\r\noder in Ihrem Google-Profil, oder an anderen Stellen auf Websites und Anzeigen im Internet eingeblendet\r\nwerden.<\/p> <p>Google zeichnet Informationen \u00fcber Ihre +1-Aktivit\u00e4ten auf, um die Google-Dienste\r\nf\u00fcr Sie und andere zu verbessern. Um die Google+-Schaltfl\u00e4che verwenden zu k\u00f6nnen,\r\nben\u00f6tigen Sie ein weltweit sichtbares, \u00f6ffentliches Google-Profil, das zumindest den f\u00fcr das\r\nProfil gew\u00e4hlten Namen enthalten muss. Dieser Name wird in allen Google-Diensten verwendet. In\r\nmanchen F\u00e4llen kann dieser Name auch einen anderen Namen ersetzen, den Sie beim Teilen von Inhalten\r\n\u00fcber Ihr Google-Konto verwendet haben. Die Identit\u00e4t Ihres Google-Profils kann Nutzern angezeigt\r\nwerden, die Ihre E-Mail-Adresse kennen oder \u00fcber andere identifizierende Informationen von Ihnen\r\nverf\u00fcgen.<\/p> <p>Verwendung der erfassten Informationen: Neben den oben erl\u00e4uterten\r\nVerwendungszwecken werden die von Ihnen bereitgestellten Informationen gem\u00e4\u00df den geltenden\r\nGoogle-Datenschutzbestimmungen genutzt. Google ver\u00f6ffentlicht m\u00f6glicherweise\r\nzusammengefasste Statistiken \u00fcber die +1-Aktivit\u00e4ten der Nutzer bzw. gibt diese an Nutzer und\r\nPartner weiter, wie etwa Publisher, Inserenten oder verbundene Websites.<\/p><p>\u00a0<\/p>\r\n<h2>Datenschutzerkl\u00e4rung f\u00fcr die Nutzung von Instagram<\/h2> <p>Auf unseren Seiten sind\r\nFunktionen des Dienstes Instagram eingebunden. Diese Funktionen werden angeboten durch die Instagram\r\nInc., 1601 Willow Road, Menlo Park, CA, 94025, USA integriert. Wenn Sie in Ihrem Instagram-Account\r\neingeloggt sind k\u00f6nnen Sie durch Anklicken des Instagram-Buttons die Inhalte unserer Seiten mit Ihrem\r\nInstagram-Profil verlinken. Dadurch kann Instagram den Besuch unserer Seiten Ihrem Benutzerkonto zuordnen.\r\nWir weisen darauf hin, dass wir als Anbieter der Seiten keine Kenntnis vom Inhalt der u?bermittelten Daten\r\nsowie deren Nutzung durch Instagram erhalten.<\/p> <p>Weitere Informationen hierzu finden Sie in der\r\nDatenschutzerkl\u00e4rung von Instagram: <a\r\nhref=\"http:\/\/instagram.com\/about\/legal\/privacy\/\">http:\/\/instagram.com\/about\/legal\/privacy\/<\/a><\/p><p>\u00a0<\/p>\r\n<h2>Datenschutzerkl\u00e4rung f\u00fcr die Nutzung von YouTube<\/h2> <p>Unsere Webseite nutzt Plugins\r\nder von Google betriebenen Seite YouTube. Betreiber der Seiten ist die YouTube, LLC, 901 Cherry Ave., San\r\nBruno, CA 94066, USA. Wenn Sie eine unserer mit einem YouTube-Plugin ausgestatteten Seiten besuchen,\r\nwird eine Verbindung zu den Servern von YouTube hergestellt. Dabei wird dem Youtube-Server mitgeteilt,\r\nwelche unserer Seiten Sie besucht haben.<\/p> <p>Wenn Sie in Ihrem YouTube-Account eingeloggt sind\r\nerm\u00f6glichen Sie YouTube, Ihr Surfverhalten direkt Ihrem pers\u00f6nlichen Profil zuzuordnen. Dies\r\nk\u00f6nnen Sie verhindern, indem Sie sich aus Ihrem YouTube-Account ausloggen.<\/p> <p>Weitere\r\nInformationen zum Umgang von Nutzerdaten finden Sie in der Datenschutzerkl\u00e4rung von YouTube unter:\r\n<a\r\nhref=\"https:\/\/www.google.de\/intl\/de\/policies\/privacy\">https:\/\/www.google.de\/intl\/de\/policies\/privacy<\/a><\/p><p>\u00a0<\/p>\r\n<h2>Kommentarfunktion auf dieser Webseite<\/h2> <p>Wenn Sie uns per Kontaktformular Anfragen zukommen\r\nlassen, werden Ihre Angaben aus dem Anfrageformular inklusive der von Ihnen dort angegebenen Kontaktdaten\r\nzwecks Bearbeitung der Anfrage und f\u00fcr den Fall von Anschlussfragen bei uns gespeichert. Diese Daten\r\ngeben wir nicht ohne Ihre Einwilligung weiter.<\/p> <p>\u00a0<\/p> <h2>SSL-Verschl\u00fcsselung<\/h2>\r\n<p>Diese Seite nutzt aus Gr\u00fcnden der Sicherheit und zum Schutz der \u00dcbertragung vertraulicher\r\nInhalte, wie zum Beispiel der Anfragen, die Sie an uns als Seitenbetreiber senden, eine SSLVerschl&\r\nuuml;sselung. Eine verschl\u00fcsselte Verbindung erkennen Sie daran, dass die Adresszeile des\r\nBrowsers von \"http:\/\/\" auf \"https:\/\/\" wechselt und an dem Schloss-Symbol in Ihrer\r\nBrowserzeile.<\/p> <p>Wenn die SSL Verschl\u00fcsselung aktiviert ist, k\u00f6nnen die Daten, die Sie an uns\r\n\u00fcbermitteln, nicht von Dritten mitgelesen werden.<\/p><p>\u00a0<\/p> <h2>Auskunft, L\u00f6schung,\r\nSperrung<\/h2> <p>Sie haben jederzeit das Recht auf unentgeltliche Auskunft \u00fcber Ihre gespeicherten\r\npersonenbezogenen Daten, deren Herkunft und Empf\u00e4nger und den Zweck der Datenverarbeitung sowie\r\nein Recht auf Berichtigung, Sperrung oder L\u00f6schung dieser Daten. Hierzu sowie zu weiteren Fragen zum\r\nThema personenbezogene Daten k\u00f6nnen Sie sich jederzeit unter der im Impressum angegebenen\r\nAdresse an uns wenden.<\/p><p>\u00a0<\/p> <h2>Widerspruch Werbe-Mails<\/h2> <p>Der Nutzung von im\r\nRahmen der Impressumspflicht ver\u00f6ffentlichten Kontaktdaten zur \u00dcbersendung von nicht\r\nausdr\u00fccklich angeforderter Werbung und Informationsmaterialien wird hiermit widersprochen. Die Betreiber\r\nder Seiten behalten sich ausdr\u00fccklich rechtliche Schritte im Falle der unverlangten Zusendung von\r\nWerbeinformationen, etwa durch Spam-E-Mails, vor.<div class=\"fusion-text fusion-text-1\"><h3><\/h3>\n<p>Haftungshinweis: Trotz sorgf\u00e4ltiger inhaltlicher Kontrolle \u00fcbernehmen wir keine<br \/>\nHaftung f\u00fcr die Inhalte externer Links. F\u00fcr den Inhalt der verlinkten Seiten sind<br \/>\nausschlie\u00dflich deren Betreiber verantwortlich.<\/p>\n<p><strong>\u00a9<\/strong> 2017\u00a0Ramones Vineyard<br \/>\nAlle Rechte vorbehalten. Layout, Bilder und Gestaltung dieser Pr\u00e4sentation sowie die enthaltenen Informationen sind gem\u00e4\u00df dem Urheberrechtsgesetz gesch\u00fctzt.<\/p>\n<\/div><div class=\"fusion-clearfix\"><\/div><\/div><\/div><\/div><\/div>\n","protected":false},"excerpt":{"rendered":"","protected":false},"author":1,"featured_media":0,"parent":0,"menu_order":0,"comment_status":"closed","ping_status":"closed","template":"","meta":{"footnotes":""},"class_list":["post-1987","page","type-page","status-publish","hentry"],"yoast_head":"<!-- This site is optimized with the Yoast SEO plugin v27.2 - https:\/\/yoast.com\/product\/yoast-seo-wordpress\/ -->\n<title>Impressum - ramonesvineyard.com<\/title>\n<meta name=\"robots\" content=\"index, follow, max-snippet:-1, max-image-preview:large, max-video-preview:-1\" \/>\n<link rel=\"canonical\" href=\"https:\/\/ramonesvineyard.com\/?page_id=1987\" \/>\n<meta property=\"og:locale\" content=\"de_DE\" \/>\n<meta property=\"og:type\" content=\"article\" \/>\n<meta property=\"og:title\" content=\"Impressum - ramonesvineyard.com\" \/>\n<meta property=\"og:url\" content=\"https:\/\/ramonesvineyard.com\/?page_id=1987\" \/>\n<meta property=\"og:site_name\" content=\"ramonesvineyard.com\" \/>\n<meta property=\"article:modified_time\" content=\"2018-08-08T12:05:41+00:00\" \/>\n<meta name=\"twitter:card\" content=\"summary_large_image\" \/>\n<meta name=\"twitter:label1\" content=\"Gesch\u00e4tzte Lesezeit\" \/>\n\t<meta name=\"twitter:data1\" content=\"14\u00a0Minuten\" \/>\n<script type=\"application\/ld+json\" class=\"yoast-schema-graph\">{\"@context\":\"https:\/\/schema.org\",\"@graph\":[{\"@type\":\"WebPage\",\"@id\":\"https:\/\/ramonesvineyard.com\/?page_id=1987\",\"url\":\"https:\/\/ramonesvineyard.com\/?page_id=1987\",\"name\":\"Impressum - ramonesvineyard.com\",\"isPartOf\":{\"@id\":\"https:\/\/ramonesvineyard.com\/#website\"},\"datePublished\":\"2017-04-25T08:33:16+00:00\",\"dateModified\":\"2018-08-08T12:05:41+00:00\",\"breadcrumb\":{\"@id\":\"https:\/\/ramonesvineyard.com\/?page_id=1987#breadcrumb\"},\"inLanguage\":\"de\",\"potentialAction\":[{\"@type\":\"ReadAction\",\"target\":[\"https:\/\/ramonesvineyard.com\/?page_id=1987\"]}]},{\"@type\":\"BreadcrumbList\",\"@id\":\"https:\/\/ramonesvineyard.com\/?page_id=1987#breadcrumb\",\"itemListElement\":[{\"@type\":\"ListItem\",\"position\":1,\"name\":\"Startseite\",\"item\":\"https:\/\/ramonesvineyard.com\/\"},{\"@type\":\"ListItem\",\"position\":2,\"name\":\"Impressum\"}]},{\"@type\":\"WebSite\",\"@id\":\"https:\/\/ramonesvineyard.com\/#website\",\"url\":\"https:\/\/ramonesvineyard.com\/\",\"name\":\"ramonesvineyard.com\",\"description\":\"Ferienwohnung in R\u00fcdeshein am Rhein\",\"potentialAction\":[{\"@type\":\"SearchAction\",\"target\":{\"@type\":\"EntryPoint\",\"urlTemplate\":\"https:\/\/ramonesvineyard.com\/?s={search_term_string}\"},\"query-input\":{\"@type\":\"PropertyValueSpecification\",\"valueRequired\":true,\"valueName\":\"search_term_string\"}}],\"inLanguage\":\"de\"}]}<\/script>\n<!-- \/ Yoast SEO plugin. -->","yoast_head_json":{"title":"Impressum - ramonesvineyard.com","robots":{"index":"index","follow":"follow","max-snippet":"max-snippet:-1","max-image-preview":"max-image-preview:large","max-video-preview":"max-video-preview:-1"},"canonical":"https:\/\/ramonesvineyard.com\/?page_id=1987","og_locale":"de_DE","og_type":"article","og_title":"Impressum - ramonesvineyard.com","og_url":"https:\/\/ramonesvineyard.com\/?page_id=1987","og_site_name":"ramonesvineyard.com","article_modified_time":"2018-08-08T12:05:41+00:00","twitter_card":"summary_large_image","twitter_misc":{"Gesch\u00e4tzte Lesezeit":"14\u00a0Minuten"},"schema":{"@context":"https:\/\/schema.org","@graph":[{"@type":"WebPage","@id":"https:\/\/ramonesvineyard.com\/?page_id=1987","url":"https:\/\/ramonesvineyard.com\/?page_id=1987","name":"Impressum - ramonesvineyard.com","isPartOf":{"@id":"https:\/\/ramonesvineyard.com\/#website"},"datePublished":"2017-04-25T08:33:16+00:00","dateModified":"2018-08-08T12:05:41+00:00","breadcrumb":{"@id":"https:\/\/ramonesvineyard.com\/?page_id=1987#breadcrumb"},"inLanguage":"de","potentialAction":[{"@type":"ReadAction","target":["https:\/\/ramonesvineyard.com\/?page_id=1987"]}]},{"@type":"BreadcrumbList","@id":"https:\/\/ramonesvineyard.com\/?page_id=1987#breadcrumb","itemListElement":[{"@type":"ListItem","position":1,"name":"Startseite","item":"https:\/\/ramonesvineyard.com\/"},{"@type":"ListItem","position":2,"name":"Impressum"}]},{"@type":"WebSite","@id":"https:\/\/ramonesvineyard.com\/#website","url":"https:\/\/ramonesvineyard.com\/","name":"ramonesvineyard.com","description":"Ferienwohnung in R\u00fcdeshein am Rhein","potentialAction":[{"@type":"SearchAction","target":{"@type":"EntryPoint","urlTemplate":"https:\/\/ramonesvineyard.com\/?s={search_term_string}"},"query-input":{"@type":"PropertyValueSpecification","valueRequired":true,"valueName":"search_term_string"}}],"inLanguage":"de"}]}},"_links":{"self":[{"href":"https:\/\/ramonesvineyard.com\/index.php?rest_route=\/wp\/v2\/pages\/1987","targetHints":{"allow":["GET"]}}],"collection":[{"href":"https:\/\/ramonesvineyard.com\/index.php?rest_route=\/wp\/v2\/pages"}],"about":[{"href":"https:\/\/ramonesvineyard.com\/index.php?rest_route=\/wp\/v2\/types\/page"}],"author":[{"embeddable":true,"href":"https:\/\/ramonesvineyard.com\/index.php?rest_route=\/wp\/v2\/users\/1"}],"replies":[{"embeddable":true,"href":"https:\/\/ramonesvineyard.com\/index.php?rest_route=%2Fwp%2Fv2%2Fcomments&post=1987"}],"version-history":[{"count":14,"href":"https:\/\/ramonesvineyard.com\/index.php?rest_route=\/wp\/v2\/pages\/1987\/revisions"}],"predecessor-version":[{"id":2166,"href":"https:\/\/ramonesvineyard.com\/index.php?rest_route=\/wp\/v2\/pages\/1987\/revisions\/2166"}],"wp:attachment":[{"href":"https:\/\/ramonesvineyard.com\/index.php?rest_route=%2Fwp%2Fv2%2Fmedia&parent=1987"}],"curies":[{"name":"wp","href":"https:\/\/api.w.org\/{rel}","templated":true}]}}